s digit of g(10)?
9
Suppose 13 = 3*s + 4. What is the units digit of s?
3
Let m(y) = 15*y - 3. Let v be m(2). Suppose 3*s = 3*a - v, -3*a + 13 = -2*a - 2*s. Suppose a + 2 = i. What is the units digit of i?
7
Suppose 2*g - 11 = -1. Suppose 3*i - g = 8*i, -y + i = 0. Let l = 2 + y. What is the units digit of l?
1
Let n = 2 - -2. Suppose -3*u = n*w - 37, u - 3*w - 9 = -2*u. What is the units digit of u?
7
Let p(r) = -r**2 + r - 3. Let g = 0 - -3. Let y be p(g). What is the units digit of (-47)/y - (-2)/(-9)?
5
Let c(d) = d**3 - 7*d**2 - 4. Let i be c(7). Let a(o) = o**2 + 3*o + 5. What is the units digit of a(i)?
9
Let l be 9/5 - (-1)/5. Suppose l*x - 47 = 155. Suppose 5*f - 5*a - 70 = 0, -5*a - 21 = 5*f - x. What is the tens digit of f?
1
Let d = 65 - 104. What is the units digit of 2/4 - d/2?
0
Let u(k) = -k**2 + 2*k - 1. Let v be u(2). What is the tens digit of v - 1 - (-1 + -12)?
1
Let i be (1 + -3)*(-6)/(-4). Let w = 4 + i. Suppose 4*u - 18 = n - w, -11 = 3*u + 4*n. What is the units digit of u?
3
Let u be 6 + 0/(1 - -1). Let t = 0 - 3. Let k = u + t. What is the units digit of k?
3
Let q be (0 - 3)*(-4)/6. Let v(t) = -3 - 6*t + 2*t - q - t**3 - 6*t**2 - 3*t. What is the units digit of v(-5)?
5
Let l be 1/(-4) - 9/12. Let p = l - -15. Suppose -5*g + 56 + p = 0. What is the tens digit of g?
1
Suppose 90 = 3*d + 5*h - h, -2*d + 3*h = -43. What is the tens digit of d?
2
Suppose 2*r - 5*c = -2*r + 84, -60 = -4*r - c. Let m = r + 18. What is the tens digit of m?
3
Let p = -11 + 18. Let k = -6 + p. What is the units digit of k?
1
Let k(w) be the second derivative of w**5/20 - 5*w**4/12 + w**3/2 - 3*w**2 - 15*w. Suppose 4*l - 2*c - 2*c = 20, 5*c = 0. What is the units digit of k(l)?
9
Let m(n) = 2*n**2 + 8*n - 4. Let g be 2/8 - 25/20. Let t(r) = r**2 - r + 1. Let o(x) = g*m(x) + 3*t(x). What is the units digit of o(11)?
7
Let k(r) = 2*r - 9. Let i(p) = 2*p - 8. Let c(w) = -7*i(w) + 6*k(w). Let v be c(-3). Let b = -2 + v. What is the units digit of b?
6
Let l = 126 + 23. What is the units digit of l?
9
Suppose 2*z + 15 = 4*b + 3, -3*z + 6 = 2*b. Suppose -3 = -d - z*d. Suppose 0 = -5*n + d + 22. What is the units digit of n?
5
Let p(y) = -y**2 - 7*y + 5. Let d(s) = -s**2 + 8*s + 2. Let i be d(9). What is the units digit of p(i)?
5
Suppose -x - 105 = -6*x. What is the units digit of x?
1
Let x = 287 - 162. Suppose 2*u - 5*w = -3*u + x, -1 = -u - 5*w. What is the tens digit of u?
2
Suppose 0 = 5*w - 4*w - 18. Let z = w - -4. Suppose 0 = 5*d - 3*d - z. What is the units digit of d?
1
Let x be -2 + (2/1 - 0). Suppose 6 = -2*q + 2*a, 2*q + x*a + 11 = 3*a. What is the units digit of 1 + 0/q + 0?
1
Let m = -57 - -86. What is the units digit of m?
9
Suppose -78 = m - 3*m + 2*f, -3*m - 2*f = -127. What is the units digit of m?
1
Let n be 2*-3*12/18. What is the units digit of 21 + 0*n/12?
1
Let l = 290 - 97. What is the hundreds digit of l?
1
What is the units digit of (-4)/(-10) + 76/10?
8
Suppose -4*a + 5 = -35. What is the tens digit of a?
1
Let q be 13 - (0 - (-2)/1). Suppose -4*d + 24 = 5*l, 3*d = l - q - 9. What is the units digit of l?
8
What is the tens digit of (-58)/((-6)/(3 + 0))?
2
Suppose -m = -6*m + 140. What is the tens digit of m?
2
Suppose 3*m + 6 = -3. What is the units digit of m/(9/3)*-1?
1
What is the units digit of (16/(-6))/(10/(-195))?
2
Suppose 5*x = s + 90, 5*x - 9 - 101 = 5*s. Suppose -5*f - 2 = -x. What is the units digit of f?
3
Let q = 36 + -39. Let n(x) be the second derivative of -x**3/6 - x**2/2 - x. What is the units digit of n(q)?
2
Let p(y) = -y**2 - y + 26. Let j be p(0). Suppose l + l - j = 0. What is the units digit of l?
3
Let r(o) = o**2 - 3*o - 2. Let x(z) = z**3 + 7*z**2 + 6*z + 2. Let s be x(-6). Suppose 0*m - 10 = -s*p - 4*m, m + 8 = -4*p. What is the tens digit of r(p)?
1
Let p = 9 - 6. What is the units digit of p?
3
Suppose -1 + 19 = 6*j. What is the units digit of j?
3
Suppose 5*p - 195 = -r, 0*p + 4*r = 5*p - 220. Let g = p - 58. What is the units digit of g/1*8/(-24)?
6
Let c = 6 - 3. Suppose 0 = 2*o + c*b - 18, o + 13 = -2*b + 6*b. Suppose 3*q - 3 = o*m + 6, -4*q + 3*m + 14 = 0. What is the units digit of q?
5
Let l = 59 - 35. What is the units digit of l?
4
Let n be 48/22 + 8/(-44). What is the units digit of (3/n)/((-2)/(-4))?
3
Suppose -2*i = -4, z - 4*i + 4 = -0*z. Suppose -r - 2*s + z = 0, 0 = -r - 0*r + s + 10. What is the units digit of r?
8
Let b(k) = -k**3 + 2*k**2 + k - 1. Let a = -3 + 5. Let c be b(a). What is the units digit of 8/(-10)*c*-10?
8
Suppose -k - 3 = -1. Let a(p) be the second derivative of -p**3/3 - 28*p. What is the units digit of a(k)?
4
Let u(d) = d**3 + 6*d**2 - 8*d - 10. What is the tens digit of u(-6)?
3
Let k(o) be the first derivative of o**3/3 + 2*o**2 - 11*o + 5. What is the units digit of k(-9)?
4
Let u(c) = 4*c**2 + c - 4. Let y be u(-3). Suppose -y - 3 = -4*l. What is the units digit of l?
8
Let n(b) be the third derivative of b**6/120 - b**5/20 + b**4/24 - b**3/6 - 3*b**2. Let j be n(3). Suppose -j*w + 10 = -10. What is the tens digit of w?
1
Suppose p = 4*p - 3. Let v be (-38)/5 - 3/(-5). What is the units digit of p*18 + 4 + v?
5
Let a = -13 + 21. Let c = a - -10. What is the tens digit of c?
1
Suppose 0 = y - 4*y + 6. Let i(u) = 5*u + 2. What is the tens digit of i(y)?
1
Let s be (2/5)/(2/20). What is the tens digit of (-5)/((-10)/6)*s?
1
Suppose 2*j = 4*d + 82, -3*d = 2*d + 20. What is the units digit of j?
3
Suppose 0 = -4*y - 4*g + 928, -4*y + 4*g - 6*g + 920 = 0. What is the units digit of y?
8
Suppose -2*c - j - 4 = -3, 4*c = j - 11. What is the units digit of c/4 - 42/(-4)?
0
Let j = 27 - 20. What is the units digit of j?
7
Suppose u - 4*b - 9 = b, 5*b = -3*u + 7. What is the units digit of u*((-819)/(-12))/7?
9
Let a(t) = 2*t - 6. Let h be a(5). Suppose 0 = -h*k + 5 + 39. What is the tens digit of k?
1
Let f = 59 + 38. What is the units digit of f?
7
Suppose -10*i + 1413 = -1617. What is the hundreds digit of i?
3
Suppose -5*d + 10 = 30. Let l = d + 9. Suppose 2*c - l - 9 = -5*z, -3*z + 8 = c. What is the units digit of c?
2
Let k be ((-3)/(-6))/((-1)/(-8)). Suppose 5 = -k*j + 1, -3*i = -3*j - 9. What is the units digit of 0 - (i + -3)*3?
3
Suppose 2*v - 12 = -0*v. What is the units digit of 2/(-12) - (-55)/v?
9
Suppose -12 = 2*i - 0*i. What is the tens digit of 246/9 + i/(-9)?
2
Suppose -11 - 1 = -d. What is the tens digit of d?
1
Let x(b) = -3*b + 6. Let r be x(4). Let i be 6/(9/r*1). What is the units digit of 18/i*(-40)/15?
2
Let t = 10 + -8. Suppose -t = -3*w + 2*w. What is the units digit of w?
2
Let x(z) = 5*z**2 + 5*z - 8. What is the tens digit of x(-6)?
4
Let q(f) = -f**2 + 2*f + 16. Suppose i = -2*i. What is the units digit of q(i)?
6
Let r(u) be the third derivative of u**4/12 - u**3 - 2*u**2. What is the units digit of r(6)?
6
Suppose -540 = -6*z - 198. What is the tens digit of z?
5
Let i(d) be the third derivative of -d**6/120 + 2*d**5/15 + d**4/12 - 2*d**3/3 + 2*d**2. Let j be i(8). What is the tens digit of 2/6 + 140/j?
1
What is the tens digit of 0/(-2) + (-175)/(-5)?
3
Suppose -4*f = -1 - 3. What is the units digit of f + 2 + 2 + -3?
2
Let q = 0 + 4. Suppose 0 = -2*b + q*b - 18. What is the units digit of (-4)/6 - (-24)/b?
2
Suppose 4*o + 1 = 13. Suppose -75 = -o*w - 2*w. What is the tens digit of w?
1
Suppose 4*g = -0*g - 3*q - 20, 2*g = 3*q + 8. What is the units digit of g/5 - (-135)/25?
5
Let f = 95 - 67. Suppose f - 12 = 4*c. What is the units digit of c?
4
Let j(k) = k**3 + k**2 - 8. Let y be j(0). Let r(h) = -2*h. What is the tens digit of r(y)?
1
Suppose 0*r - 3*r = -255. What is the tens digit of r?
8
What is the tens digit of (-56)/(-2) - 0/9?
2
Let c = 99 + -52. What is the units digit of c?
7
Suppose 2*x = 4*x + 66. Let l = -14 - x. What is the tens digit of l?
1
Let i = -39 - -27. What is the units digit of 19/114 + (-298)/i?
5
What is the units digit of (16/42 + 2/7)*36?
4
Suppose 6*i - 3*i = 0. What is the units digit of 1 - i*3/9?
1
Suppose -6*y = j - 5*y + 2, y + 6 = -3*j. Let a be (-2)/2 + 0 + j. What is the tens digit of a/12 + 45/4?
1
Suppose 130 = 4*c + 2*m - 148, 3*m = -5*c + 350. What is the units digit of c?
7
Let l = 62 + 47. What is the units digit of l?
9
What is the tens digit of 1/((3 + -1)/24)?
1
Let c = -86